{"id":80,"date":"2019-09-17T11:12:59","date_gmt":"2019-09-17T11:12:59","guid":{"rendered":"http:\/\/matam-france.com\/la-mesure\/?page_id=80"},"modified":"2023-08-03T07:33:58","modified_gmt":"2023-08-03T06:33:58","slug":"infos-legales","status":"publish","type":"page","link":"https:\/\/www.matam-france.com\/la-mesure\/infos-legales\/","title":{"rendered":"Infos l\u00e9gales"},"content":{"rendered":"\r\n<h2 class=\"wp-block-heading\">Editeur<\/h2>\r\n\r\n\r\n\r\n<p>MATAM, Siret 398 911 297 00040<br \/>SARL au capital de 108 000\u20ac<\/p>\r\n\r\n\r\n\r\n<p>4 chemin des 2 mares<br \/>27170 \u00c9cardenville-la-Campagne, France<\/p>\r\n\r\n\r\n\r\n<p>Responsable d&rsquo;\u00e9dition : Laurent BOUTIN, g\u00e9rant de MATAM<\/p>\r\n\r\n\r\n\r\n<p>H\u00e9bergeur : SATUM (ROUEN 442490165)<\/p>\r\n","protected":false},"excerpt":{"rendered":"<p>Editeur MATAM, Siret 398 911 297 00040SARL au capital de 108 000\u20ac 4 chemin des 2 mares27170 \u00c9cardenville-la-Campagne, France Responsable d&rsquo;\u00e9dition : Laurent BOUTIN, g\u00e9rant de MATAM H\u00e9bergeur : SATUM (ROUEN 442490165)<\/p>\n","protected":false},"author":1,"featured_media":0,"parent":0,"menu_order":0,"comment_status":"closed","ping_status":"closed","template":"","meta":{"footnotes":""},"class_list":["post-80","page","type-page","status-publish","hentry"],"_links":{"self":[{"href":"https:\/\/www.matam-france.com\/la-mesure\/wp-json\/wp\/v2\/pages\/80","targetHints":{"allow":["GET"]}}],"collection":[{"href":"https:\/\/www.matam-france.com\/la-mesure\/wp-json\/wp\/v2\/pages"}],"about":[{"href":"https:\/\/www.matam-france.com\/la-mesure\/wp-json\/wp\/v2\/types\/page"}],"author":[{"embeddable":true,"href":"https:\/\/www.matam-france.com\/la-mesure\/wp-json\/wp\/v2\/users\/1"}],"replies":[{"embeddable":true,"href":"https:\/\/www.matam-france.com\/la-mesure\/wp-json\/wp\/v2\/comments?post=80"}],"version-history":[{"count":9,"href":"https:\/\/www.matam-france.com\/la-mesure\/wp-json\/wp\/v2\/pages\/80\/revisions"}],"predecessor-version":[{"id":671,"href":"https:\/\/www.matam-france.com\/la-mesure\/wp-json\/wp\/v2\/pages\/80\/revisions\/671"}],"wp:attachment":[{"href":"https:\/\/www.matam-france.com\/la-mesure\/wp-json\/wp\/v2\/media?parent=80"}],"curies":[{"name":"wp","href":"https:\/\/api.w.org\/{rel}","templated":true}]}}