{"id":488,"date":"2020-02-15T19:06:26","date_gmt":"2020-02-15T18:06:26","guid":{"rendered":"http:\/\/matam-france.com\/la-mesure\/?page_id=488"},"modified":"2020-02-15T19:07:16","modified_gmt":"2020-02-15T18:07:16","slug":"politique-de-confidentialite-2","status":"publish","type":"page","link":"https:\/\/www.matam-france.com\/la-mesure\/politique-de-confidentialite-2\/","title":{"rendered":"Politique de confidentialit\u00e9"},"content":{"rendered":"<h2>Qui sommes-nous\u00a0?<\/h2>\r\n<!-- \/wp:post-content -->\r\n\r\n<!-- wp:paragraph -->\r\n<p>L\u2019adresse de notre site Web est : http:\/\/www.matam-france.com<\/p>\r\n<!-- \/wp:paragraph -->\r\n\r\n<!-- wp:heading -->\r\n<h2>Utilisation des donn\u00e9es personnelles collect\u00e9es<\/h2>\r\n<!-- \/wp:heading -->\r\n\r\n<!-- wp:heading {\"level\":3} \/-->\r\n\r\n<!-- wp:heading {\"level\":3} -->\r\n<h3>Formulaires de contact<\/h3>\r\n<p>Lorsque vous nous contactez via le formulaire de contact, les donn\u00e9es renseign\u00e9es nous sont transmises par courriel, de la m\u00eame fa\u00e7on que vous le feriez directement par messagerie \u00e9lectronique. Ces renseignements ne sont pas stock\u00e9s sur notre site internet.<\/p>\r\n<!-- \/wp:heading -->\r\n\r\n<!-- wp:heading {\"level\":3} \/-->\r\n\r\n<!-- wp:heading {\"level\":3} -->\r\n<h3>Statistiques et mesures d\u2019audience<\/h3>\r\n<p>Il n&rsquo;y a aucune utilisation de vos donn\u00e9es \u00e0 des fins de statistiques ou de mesure d&rsquo;audience de notre site internet.<\/p>\r\n<!-- \/wp:heading -->\r\n\r\n<!-- wp:heading \/-->\r\n\r\n<!-- wp:heading -->\r\n<h2>Dur\u00e9es de stockage de vos donn\u00e9es<\/h2>\r\n<!-- \/wp:heading -->\r\n\r\n<!-- wp:paragraph -->\r\n<p>Vos donn\u00e9es saisies sur notre site internet via le formulaire de contact ne sont pas conserv\u00e9es sur le site. Elles sont conserv\u00e9es uniquement \u00e0 des fins administratives pour la r\u00e9alisation, l&rsquo;exp\u00e9dition et la facturation de vos commandes (dans les bases de nos logiciels de gestion commerciale et de comptabilit\u00e9) ou afin de vous contacter pour donner suite \u00e0 vos demandes de renseignements (dans la liste de nos contacts de messagerie Outlook).<\/p>\r\n<!-- \/wp:paragraph -->\r\n\r\n<!-- wp:heading -->\r\n<h2>Les droits que vous avez sur vos donn\u00e9es<\/h2>\r\n<!-- \/wp:heading -->\r\n\r\n<!-- wp:paragraph -->\r\n<p>Vous pouvez demander la suppression des donn\u00e9es personnelles vous concernant par simple demande \u00e9crite (courriel ou courrier postal). Cela ne prend pas en compte les donn\u00e9es stock\u00e9es \u00e0 des fins administratives (logiciels de gestion commerciale et comptabilit\u00e9), l\u00e9gales ou pour des raisons de s\u00e9curit\u00e9.<\/p>\r\n<!-- \/wp:paragraph -->\r\n\r\n<!-- wp:heading \/-->\r\n\r\n","protected":false},"excerpt":{"rendered":"<p>Qui sommes-nous\u00a0? L\u2019adresse de notre site Web est : http:\/\/www.matam-france.com Utilisation des donn\u00e9es personnelles collect\u00e9es Formulaires de contact Lorsque vous nous contactez via le formulaire de contact, les donn\u00e9es renseign\u00e9es nous sont transmises par courriel, de la m\u00eame fa\u00e7on que vous le feriez directement par messagerie \u00e9lectronique. Ces renseignements ne sont pas stock\u00e9s sur notre&#8230;<\/p>\n","protected":false},"author":2,"featured_media":0,"parent":0,"menu_order":0,"comment_status":"closed","ping_status":"closed","template":"","meta":{"footnotes":""},"class_list":["post-488","page","type-page","status-publish","hentry"],"_links":{"self":[{"href":"https:\/\/www.matam-france.com\/la-mesure\/wp-json\/wp\/v2\/pages\/488","targetHints":{"allow":["GET"]}}],"collection":[{"href":"https:\/\/www.matam-france.com\/la-mesure\/wp-json\/wp\/v2\/pages"}],"about":[{"href":"https:\/\/www.matam-france.com\/la-mesure\/wp-json\/wp\/v2\/types\/page"}],"author":[{"embeddable":true,"href":"https:\/\/www.matam-france.com\/la-mesure\/wp-json\/wp\/v2\/users\/2"}],"replies":[{"embeddable":true,"href":"https:\/\/www.matam-france.com\/la-mesure\/wp-json\/wp\/v2\/comments?post=488"}],"version-history":[{"count":3,"href":"https:\/\/www.matam-france.com\/la-mesure\/wp-json\/wp\/v2\/pages\/488\/revisions"}],"predecessor-version":[{"id":492,"href":"https:\/\/www.matam-france.com\/la-mesure\/wp-json\/wp\/v2\/pages\/488\/revisions\/492"}],"wp:attachment":[{"href":"https:\/\/www.matam-france.com\/la-mesure\/wp-json\/wp\/v2\/media?parent=488"}],"curies":[{"name":"wp","href":"https:\/\/api.w.org\/{rel}","templated":true}]}}

Politique de confidentialité

<h2>Qui sommes-nous ?</h2>
<!-- /wp:post-content -->

<!-- wp:paragraph -->
<p>L’adresse de notre site Web est : http://www.matam-france.com</p>
<!-- /wp:paragraph -->

<!-- wp:heading -->
<h2>Utilisation des données personnelles collectées</h2>
<!-- /wp:heading -->

<!-- wp:heading {"level":3} /-->

<!-- wp:heading {"level":3} -->
<h3>Formulaires de contact</h3>
<p>Lorsque vous nous contactez via le formulaire de contact, les données renseignées nous sont transmises par courriel, de la même façon que vous le feriez directement par messagerie électronique. Ces renseignements ne sont pas stockés sur notre site internet.</p>
<!-- /wp:heading -->

<!-- wp:heading {"level":3} /-->

<!-- wp:heading {"level":3} -->
<h3>Statistiques et mesures d’audience</h3>
<p>Il n&rsquo;y a aucune utilisation de vos données à des fins de statistiques ou de mesure d&rsquo;audience de notre site internet.</p>
<!-- /wp:heading -->

<!-- wp:heading /-->

<!-- wp:heading -->
<h2>Durées de stockage de vos données</h2>
<!-- /wp:heading -->

<!-- wp:paragraph -->
<p>Vos données saisies sur notre site internet via le formulaire de contact ne sont pas conservées sur le site. Elles sont conservées uniquement à des fins administratives pour la réalisation, l&rsquo;expédition et la facturation de vos commandes (dans les bases de nos logiciels de gestion commerciale et de comptabilité) ou afin de vous contacter pour donner suite à vos demandes de renseignements (dans la liste de nos contacts de messagerie Outlook).</p>
<!-- /wp:paragraph -->

<!-- wp:heading -->
<h2>Les droits que vous avez sur vos données</h2>
<!-- /wp:heading -->

<!-- wp:paragraph -->
<p>Vous pouvez demander la suppression des données personnelles vous concernant par simple demande écrite (courriel ou courrier postal). Cela ne prend pas en compte les données stockées à des fins administratives (logiciels de gestion commerciale et comptabilité), légales ou pour des raisons de sécurité.</p>
<!-- /wp:paragraph -->

<!-- wp:heading /-->

<p>Qui sommes-nous ? L’adresse de notre site Web est : http://www.matam-france.com Utilisation des données personnelles collectées Formulaires de contact Lorsque vous nous contactez via le formulaire de contact, les données renseignées nous sont transmises par courriel, de la même façon que vous le feriez directement par messagerie électronique. Ces renseignements ne sont pas stockés sur notre&#8230;</p>
