{"id":435,"date":"2020-02-08T11:09:11","date_gmt":"2020-02-08T10:09:11","guid":{"rendered":"http:\/\/matam-france.com\/la-mesure\/?page_id=435"},"modified":"2025-02-21T23:42:07","modified_gmt":"2025-02-21T22:42:07","slug":"docolab","status":"publish","type":"page","link":"https:\/\/www.matam-france.com\/la-mesure\/docolab\/","title":{"rendered":"Docolab"},"content":{"rendered":"\r\n<p class=\"has-text-align-center\">Pour r\u00e9aliser un contr\u00f4le de disconnecteur efficace, il y a 2 \u00e9tapes importantes :<\/p>\r\n\r\n\r\n\r\n<p class=\"has-text-align-center\">&#8211; L&rsquo;utilisation d&rsquo;un appareil de contr\u00f4le adapt\u00e9 et fiable ANCD104 ou ANCD302<\/p>\r\n\r\n\r\n\r\n<p class=\"has-text-align-center\">&#8211; L&rsquo;\u00e9dition et la gestion des rapports de contr\u00f4le. Visitez le site de notre partenaire DOCOLAB<\/p>\r\n\r\n\r\n\r\n<div class=\"wp-block-image\">\r\n<figure class=\"aligncenter is-resized\"><img loading=\"lazy\" decoding=\"async\" src=\"https:\/\/img.over-blog-kiwi.com\/1\/61\/44\/81\/20190322\/ob_a634a2_docolab-logotype-final.jpg\" alt=\"DOCOLAB\" width=\"317\" height=\"60\" \/><\/figure>\r\n<\/div>\r\n\r\n\r\n\r\n<p class=\"has-text-align-center\">DOCOLAB est une application de solutions compl\u00e8tes et \u00e9volutives pour la gestion des contr\u00f4les r\u00e9glementaires, la maintenance et le SAV.<\/p>\r\n\r\n\r\n\r\n<p class=\"has-text-align-center\">D\u00e9couvrez la solution qui facilite la r\u00e9alisation des contr\u00f4les r\u00e9glementaires et l&rsquo;\u00e9dition des rapports de maintenance des disconnecteurs.<\/p>\r\n\r\n\r\n\r\n<p class=\"has-text-align-center\">Plus d&rsquo;informations sur<\/p>\r\n\r\n\r\n\r\n<p class=\"has-text-align-center\"><a href=\"https:\/\/docolab.fr\/pages\/disconnecteur.php\">www.docolab.fr<\/a><\/p>\r\n","protected":false},"excerpt":{"rendered":"<p>Pour r\u00e9aliser un contr\u00f4le de disconnecteur efficace, il y a 2 \u00e9tapes importantes : &#8211; L&rsquo;utilisation d&rsquo;un appareil de contr\u00f4le adapt\u00e9 et fiable ANCD104 ou ANCD302 &#8211; L&rsquo;\u00e9dition et la gestion des rapports de contr\u00f4le. Visitez le site de notre partenaire DOCOLAB DOCOLAB est une application de solutions compl\u00e8tes et \u00e9volutives pour la gestion des&#8230;<\/p>\n","protected":false},"author":2,"featured_media":0,"parent":0,"menu_order":0,"comment_status":"closed","ping_status":"closed","template":"","meta":{"footnotes":""},"class_list":["post-435","page","type-page","status-publish","hentry"],"_links":{"self":[{"href":"https:\/\/www.matam-france.com\/la-mesure\/wp-json\/wp\/v2\/pages\/435","targetHints":{"allow":["GET"]}}],"collection":[{"href":"https:\/\/www.matam-france.com\/la-mesure\/wp-json\/wp\/v2\/pages"}],"about":[{"href":"https:\/\/www.matam-france.com\/la-mesure\/wp-json\/wp\/v2\/types\/page"}],"author":[{"embeddable":true,"href":"https:\/\/www.matam-france.com\/la-mesure\/wp-json\/wp\/v2\/users\/2"}],"replies":[{"embeddable":true,"href":"https:\/\/www.matam-france.com\/la-mesure\/wp-json\/wp\/v2\/comments?post=435"}],"version-history":[{"count":4,"href":"https:\/\/www.matam-france.com\/la-mesure\/wp-json\/wp\/v2\/pages\/435\/revisions"}],"predecessor-version":[{"id":739,"href":"https:\/\/www.matam-france.com\/la-mesure\/wp-json\/wp\/v2\/pages\/435\/revisions\/739"}],"wp:attachment":[{"href":"https:\/\/www.matam-france.com\/la-mesure\/wp-json\/wp\/v2\/media?parent=435"}],"curies":[{"name":"wp","href":"https:\/\/api.w.org\/{rel}","templated":true}]}}